. Let y be a(-7). Suppose -26 = 4*x - y*z - 95, -x + 9 = -4*z. What is the remainder when x is divided by 6?
3
Let w(p) = 2*p**2 - 6*p + 2. Let i be w(3). Suppose i*a - 22 = -4*q, 5*a + 20 - 66 = -q. Calculate the remainder when 98 is divided by a.
8
Let j be (-2)/(-4) + 1731/(-6). Let y = j - -438. Suppose 4*t - 182 - y = 0. What is the remainder when t is divided by 21?
20
Let y = -38451 + 38691. What is the remainder when 1943 is divided by y?
23
Let z(d) = -d - 1. Let x(j) = j**2 + j - 1. Let g(a) = x(a) - 3*z(a). Let k = -239 - -280. Calculate the remainder when k is divided by g(-7).
18
Let q(w) = w. Let l be q(4). Suppose l*j - 293 = 175. What is the remainder when j is divided by (3/(-2) - 1)/(14/3024*-18)?
27
Suppose 1 = -5*h + y + 20, 0 = -2*h - 4*y + 12. Suppose -w + 41 = 2*d, d - 2*w + 64 = h*d. Calculate the remainder when 100 is divided by d.
10
Let r = 5436 - 5315. What is the remainder when 149 is divided by r?
28
Let f = 163 + -159. Suppose 2*i = 2*y - 4*y + 20, -y + f*i + 15 = 0. What is the remainder when 36 is divided by y?
3
Suppose 0 = 4*o + 2*j + 216, 2*j = -2*o - o - 164. Let w = -19 - o. Let h = -420 - -427. What is the remainder when w is divided by h?
5
Suppose 16*c - 361 - 887 = 0. Calculate the remainder when 180 is divided by c.
24
Let b(g) = -3*g**2 - 5*g - 3. Let n be b(-5). Suppose -2*i = -4, -11*u = -14*u - 3*i - 93. Let q = u - n. What is the remainder when q is divided by 8?
4
Let b(t) = t**2 - 341*t - 5288. What is the remainder when 9565 is divided by b(-15)?
49
Let u = 2457 + -1831. What is the remainder when u is divided by 165?
131
Let r = 3891 - 2907. What is the remainder when r is divided by 34?
32
Let p(m) = m**2 - 100*m - 2360. Calculate the remainder when p(-33) is divided by 55.
49
Suppose -90 = -3*l + 108. Let h(f) = 16*f - 111. Let v = -805 - -813. What is the remainder when l is divided by h(v)?
15
What is the remainder when ((-3415)/(-2)*(-12)/(-45))/((-156)/(-234)) is divided by 229?
225
Let n(f) = -f**2 + 3*f + 6. Let t be n(0). What is the remainder when (1148/35)/((t/15)/1) is divided by (-18)/(-36) + 82/4?
19
Let r(h) = 42 - 2*h - 6*h + 3*h + 6*h. Calculate the remainder when r(3) is divided by 4.
1
Let a = -129 - -164. Let n(l) = -l**3 - 6*l**2 - l + 6. What is the remainder when n(-7) is divided by a?
27
Suppose c - 4*d - 30 = -c, 0 = -c + 4*d + 25. Suppose 0*r + 205 = 2*i + 5*r, -550 = -5*i - c*r. What is the remainder when i is divided by 17?
13
Let h(w) be the second derivative of w**5/20 + w**4/2 + w**3/6 - w**2 - 5*w - 3. What is the remainder when h(-4) is divided by 14?
12
What is the remainder when 184 is divided by 596/3874 - (4104/(-13))/2?
26
Let v = 44 + -28. Suppose -746*f + 1440 = -738*f. Suppose 0 = -18*d + 36 + f. What is the remainder when v is divided by d?
4
Let f(l) = 88*l + 191. What is the remainder when f(24) is divided by 32?
31
Let j(i) = -3*i**2 - 27*i - 27. Let d(h) = -h**2 + 7*h + 68. Calculate the remainder when d(8) is divided by j(-6).
6
Let m(d) = -d**3 + 5*d**2 - 2*d + 8. Let a be m(5). What is the remainder when ((-216)/63)/((-2)/7) is divided by (-21)/3*-2*a/(-4)?
5
What is the remainder when (-4579 - -3)*14/(-63) - (-4)/36 is divided by 203?
2
Let x be ((-371)/14*1)/(3/(-6)). Suppose -32*c + x = -331. Calculate the remainder when c is divided by 1.
0
Let v = -200 - -204. Suppose -19 = -b + v. Suppose 4*y - 36 = -j + 30, 2*y = -4. Calculate the remainder when j is divided by b.
5
Let h = 12818 - 12805. What is the remainder when 23268 is divided by h?
11
Suppose 88*v = 77*v + 154. What is the remainder when 265 is divided by v?
13
Suppose 0 = -51*c - 15*c + 886 + 1490. What is the remainder when 1693 is divided by c?
1
Let q(f) = -595*f**3 - 5*f**2 - 10*f - 11. Calculate the remainder when q(-1) is divided by 88.
61
Let l be (-2)/(-2) - (47 + 2). Let b = l + 115. Calculate the remainder when b is divided by (-6)/(-165)*15 - ((-582)/22 + 2).
17
Let d be (-212)/8*(12/(-4) - 3). Let o = d - 92. Let r = 48 + -31. Calculate the remainder when o is divided by r.
16
What is the remainder when ((-335)/(-2))/(((-15)/(-24))/(30/8)) is divided by 500?
5
Let c(h) = 2*h**2 + h - 1. Let m(z) = -9*z**2 - 30*z - 9. Let o(y) = -3*c(y) - m(y). What is the remainder when o(-11) is divided by 4?
2
Suppose -3*n - 3*v + 105 = 0, -4*v = -5*n + v + 215. Let j = 971 - 951. What is the remainder when n is divided by j?
19
Calculate the remainder when (-12 - (-10 + 2128/(-12)))*3 is divided by 28.
22
Suppose -233 - 467 = -5*c. Suppose -c = -8*w + 3*w. Let j(m) = -4*m**2 + 41*m + 73. What is the remainder when j(10) is divided by w?
27
Let w be (-7)/(-2)*11832/238. Suppose -w*o + 173*o = -13. Calculate the remainder when 60 is divided by o.
8
Let o be 1/1*(8 + -6). Calculate the remainder when 4/(12/87) - o is divided by 33/(-55) - 156/(-10).
12
Let l = 29 + -27. Let r be 0 - (l/(-7) - (-330)/(-21)). Let o = 24 - r. Calculate the remainder when o is divided by 8.
0
Suppose 0 = -4*w + 52 + 68. Let p = 150 + 36. Suppose -11*i = 10 - p. Calculate the remainder when w is divided by i.
14
Let o = -3 - -28. Suppose -15*r - 156 = 564. What is the remainder when (219/12)/((-12)/r) is divided by o?
23
Let q = 5 + 7. Let m(r) = r - 12. Let y be m(q). What is the remainder when 80 is divided by (y/3 - 14)*-1?
10
Suppose -4*i - 23 - 30 = -3*m, -2*i + 3*m = 31. Let c(a) = -9*a - 73. What is the remainder when 40 is divided by c(i)?
14
Suppose 3*l = 854 - 272. Suppose 0 = -9*j + 11*j - l. Calculate the remainder when j is divided by (-2)/9 + 886/18.
48
Suppose -20*l - i + 966 = -18*l, 5*l + 3*i = 2418. What is the remainder when l is divided by 157?
9
Let g = -53 + 56. Let p be -2 - 1*(-21)/g. Suppose -p*j + 38 + 112 = 0. What is the remainder when j is divided by 9?
3
Suppose 2*z = 12*y - 4098, 4*y - 3*z - 1380 = -7*z. Calculate the remainder when y is divided by 130.
82
Let u = -127 + 167. What is the remainder when 573 is divided by (u/30)/(1/54)?
69
What is the remainder when (8424/65 - 9) + 14/10 is divided by 52?
18
What is the remainder when 273 is divided by 3*(-8)/(-44) + (-7767)/(-99)?
36
Let u(z) = -z**3 + 20*z**2 + 196*z + 76. What is the remainder when 799 is divided by u(27)?
4
Let b(z) = -3*z**3 + 29*z**2 - 26*z + 389. Let k = -45 - -142. Calculate the remainder when k is divided by b(10).
10
Let b = 8069 + -8067. Calculate the remainder when 903 is divided by b.
1
Let z be (-24)/(-30)*10/4. Suppose 0 = -3*g - z*g + 4*d - 317, -5*d = -4*g - 250. Let m = -23 - g. What is the remainder when m is divided by 5?
2
Let m be (152/20 - 7) + 112/5. Suppose -m*d = -d - 550. Calculate the remainder when 38 is divided by d.
13
Let u(m) = 3 - 36*m + 19*m - 5 - 16. Let w = 240 - 217. What is the remainder when u(-9) is divided by w?
20
Suppose -5*s + 0*r = -4*r - 304, 0 = 4*s + r - 260. Let p = -3474 - -3496. Calculate the remainder when s is divided by p.
20
Let v be (198/(-165))/((-1)/(-210)). Let q = v + 145. Let l = -48 - q. Calculate the remainder when l is divided by 12.
11
Suppose 3*x - 5*c = x + 41, x + 5*c + 17 = 0. Suppose -9*q = -10*q + 3*s - 57, 3*s = 6. What is the remainder when (15/10)/(q/(-544)) is divided by x?
0
Let i(s) = s**3 - 7*s**2 + 36*s - 152. Let d = 1 - -1. Suppose -4*a = 4*p - 452, 2*a + d*a = -p + 440. Calculate the remainder when a is divided by i(6).
25
Suppose 10 = -3*u - 5, -4*i = 4*u - 984. What is the remainder when i is divided by 70?
41
Let x(p) = p**2 + p. Let j be x(1). Suppose -3*l = s - 5, l - j*s - 17 = -2*l. Calculate the remainder when (-490)/5*(2119/(-91) + 23) is divided by l.
1
Suppose -2*b + 142 = -3*u - 88, -4*b + 4*u = -464. Let y = 25131 + -25119. Calculate the remainder when b is divided by y.
10
Calculate the remainder when 570 is divided by ((-1)/3)/(5667/630 - 45/5).
10
What is the remainder when ((-1035)/6)/(-5) - (-1)/2 is divided by 171/18 - 6/(-4)?
2
Suppose 0 = g - 4 + 1. Suppose -g*i = -14 - 70. Let k = 1664 + -1611. Calculate the remainder when k is divided by i.
25
Suppose 17*k = l + 16*k + 8, -4*k + 20 = 0. Let x(p) = -123*p - 77. What is the remainder when x(l) is divided by 42?
40
Let z(u) = -u**2 + 5*u + 3. Let s be z(3). Suppose 5*y = s*y - 224. Suppose 2*f - 469 = 5*t, -2*f = -t - 366 - 83. What is the remainder when f